 = 1. Calculate the remainder when r(0) is divided by f.
1
Suppose -25*l + 21*l = -48. Calculate the remainder when 36 is divided by l.
0
Suppose x + 11 = 4*l - 4*x, -3*x - 13 = -4*l. Let s(r) = r + 10. Calculate the remainder when s(0) is divided by l.
2
Suppose -120 = -8*j + 4*j. Calculate the remainder when 25 is divided by (-1)/3 - (-400)/j.
12
Suppose -3*d + 8 = 4*c, 7*d = 3*d + 3*c + 44. Suppose 0 = -a + 4 + 1. What is the remainder when d is divided by a?
3
Let k be (-1*1)/(9/(-99)). Suppose u = k + 2. Calculate the remainder when 24 is divided by u.
11
Suppose 0*x = -5*x - 5*n + 70, -n = 2. Calculate the remainder when 47 is divided by x.
15
Let a = 0 - -62. What is the remainder when a is divided by 21?
20
Let d(q) = -q**3 - q**2 + 10*q - 3. What is the remainder when d(-5) is divided by 7?
5
Suppose -3*h = -3*p, 2*h - 6*h + 16 = 0. What is the remainder when 10 is divided by p?
2
Suppose -f = -4*u - 16, 4*f + 3*u - u = 82. Suppose -4*x + 4*d = -3 - 13, 3*d - f = -5*x. Let k = 6 + x. What is the remainder when 19 is divided by k?
9
What is the remainder when 232/20 + (-6)/(-15) is divided by 4?
0
Suppose 4*v + 2 = -34. Let b(t) = -6*t - 8. Calculate the remainder when b(v) is divided by (-5 + -3)/(3/(-9)).
22
Let n(x) = -31*x + 3. Let k(p) = p. Let i(t) = k(t) - n(t). What is the remainder when i(2) is divided by 3/(-4) + (-134)/(-8)?
13
Suppose -4*y + 12 = -56. Suppose -i + 75 - 15 = 2*g, 0 = 4*i - 4*g - 180. Calculate the remainder when i is divided by y.
16
Calculate the remainder when 56 is divided by (4/(-8)*3)/((-6)/76).
18
Let s(a) = -a**2 - 5*a + 4. Let x be s(-7). Calculate the remainder when (11/(-2))/(5/x) is divided by 6.
5
Let q be ((-24)/3)/(2/(-9)). Suppose -40 - q = -2*y. Let v = y + -9. Calculate the remainder when v is divided by 10.
9
Let h(b) = 3*b**3 - 4*b**2 + 2*b. Let s be h(2). Let c = -1 + s. Calculate the remainder when c is divided by 6.
5
What is the remainder when 1/(5/(-2625)*-3) + 2 is divided by 30?
27
Let c(u) = 2*u - 13. Let p be c(9). Suppose 5*l + 5*h = 30, 2*h + 21 = p*l - 23. What is the remainder when 22 is divided by l?
6
Suppose 0 = 9*l - 75 - 78. What is the remainder when 169 is divided by l?
16
Suppose 0 = -0*s + 2*s + 16. Let f = s - -12. Suppose 144 = 4*a - 2*h, -3*a = h + f*h - 134. Calculate the remainder when a is divided by 13.
12
Suppose -34*s + 442 = -0*s. Let t be (-6)/(-15) + 2/(-5). Suppose n - 36 = -t*n. Calculate the remainder when n is divided by s.
10
Let o(x) be the second derivative of -5*x**3/3 + 4*x. Calculate the remainder when o(-1) is divided by 4.
2
Let l = -4 - -6. Let b(o) = o**2 - 6*o + 5. Calculate the remainder when b(6) is divided by l.
1
Let i = -12 - -17. What is the remainder when 8 is divided by i?
3
Suppose 2*i = v + 31, 0 = -3*i - 7*v + 2*v + 40. Suppose 2*t = -3*o + 39, -i = 2*o + o. What is the remainder when t is divided by 10?
7
Let h(d) = d + 2. Let n be h(-2). Suppose -3*y = 2*s - 197, y + n*s = 2*s + 63. What is the remainder when y is divided by 17?
14
Suppose 2*x + 3*g + 3 = 38, 0 = 4*x - 3*g - 97. Calculate the remainder when x is divided by 15.
7
Suppose -c - 3*c = -12. What is the remainder when ((-2)/c)/((-2)/6) is divided by 2?
0
What is the remainder when 60 is divided by 2/(-7) - 1639/(-77)?
18
Suppose -10*f = -5*f + 40. What is the remainder when 33 is divided by (9/(-2))/(4/f)?
6
Suppose -5 = -5*x, -4*x + 35 = 5*v - 9. Let h(q) = -6*q**2 + q + v*q**2 - 2*q. What is the remainder when 17 is divided by h(2)?
5
Let u(d) = d**3 - 24*d**2 - 84*d + 94. Let o = 129 + -91. What is the remainder when o is divided by u(27)?
12
Let n = -30 + 36. Calculate the remainder when n is divided by 5.
1
Suppose 0 = 3*c - 5*p - 26, 6*c - 2*c + 2*p = 52. Calculate the remainder when 47 is divided by c.
11
Let k(v) = -v**2 + v - 3. Let n(y) = -4*y**2 + 2*y - 8. Let w(a) = -7*k(a) + 2*n(a). Let d be 2/4*2*-4. Calculate the remainder when w(d) is divided by 1.
0
Suppose 3*t - 2*j + 88 = 5*t, 78 = 2*t - 3*j. What is the remainder when t is divided by 15?
12
Suppose 11 = 2*q + 1. Suppose -35 = 2*x - 3*x + 5*p, -q*p + 5 = 3*x. Let y = -36 + 64. Calculate the remainder when y is divided by x.
8
Suppose -d - 2*g - 3 = 0, -2 = -2*d + 4*g - 16. Let s be 23/d - 2/5. Let f = 6 + s. Calculate the remainder when f is divided by 1.
0
Suppose 3*a - 91 = -5*h, -3*a + a + h + 52 = 0. Calculate the remainder when (-2)/6 - 160/(-3) is divided by a.
26
Let n be 20/((-1)/(1/(-2))). Let f be 0/2 + 3*-1. Calculate the remainder when 2 is divided by f*(1 - n/6).
0
Let a be 12/(-7) - (-6)/(-21). Let r be a - -3 - (-2)/1. Calculate the remainder when (14/(-6))/((-1)/r) is divided by 3.
1
Suppose 3*s - 4*s = -13. Calculate the remainder when s is divided by 7.
6
Let w = -42 + 7. What is the remainder when 33 is divided by (-86)/(-7) - (-10)/w?
9
Let h be (-33)/(-9) - 4/6. Let n(v) = h + 41*v - 2 + 14*v. Calculate the remainder when n(1) is divided by 19.
18
Let o(k) = k**3 + 7*k**2 + 4*k - 12. Let i be o(-6). Suppose i*p + 2*q - 40 = -4*p, -2*p + q + 16 = 0. Calculate the remainder when p is divided by 6.
3
Suppose 0 = 41*p - 228 - 59. Let d(w) = w + 6. What is the remainder when d(5) is divided by p?
4
What is the remainder when 2/(-8) - 29/(-4) is divided by 5?
2
Let t = -31 + 43. Let h = 26 - t. Calculate the remainder when 41 is divided by h.
13
Let z be (-5)/(-30) - 133/6. Let n(f) = -4*f**3 - 2*f**2 - 2*f + 3. Let l be n(2). Let b = z - l. Calculate the remainder when b is divided by 7.
5
Let q = 2 - 0. Suppose -7*z = -3*z - 36. Let i = z - 4. What is the remainder when i is divided by q?
1
Suppose 7*t - 33 = 4*t. Let m = t + -9. What is the remainder when 7 is divided by m?
1
Suppose -4*l + 4*g + 19 = -29, 5*g - 30 = -5*l. Calculate the remainder when 24 is divided by l.
6
Suppose 2*z - 9 = -c, 5*z + 0*c + 3*c - 24 = 0. Calculate the remainder when 0 + -2*8/(-2) is divided by z.
2
Let b(n) = n**3 - 15*n**2 + 3*n - 26. What is the remainder when b(15) is divided by 18?
1
Suppose -f = -4*c + 2 - 0, 0 = -2*f - 2*c + 6. Let o = 3 + f. What is the remainder when o is divided by 2?
1
Let h(x) = -9*x - 2. Calculate the remainder when h(-1) is divided by 2.
1
Let t(f) = f**2 + 3*f**3 - 4*f**3 - 4*f**2 - 2*f. Let q be t(-2). Suppose 3*u - 21 = 4*d - d, -3*d + 12 = q. What is the remainder when 21 is divided by u?
10
Suppose 0*b - 3*b - 2*s = -37, 5*s + 1 = b. Calculate the remainder when 72/3*4/3 is divided by b.
10
Suppose o = -3*o - 16. Let w(j) = -j**3 - 7*j**2 - 7*j + 4. Calculate the remainder when w(-6) is divided by o + 4 + (1 - -3).
2
Let s = -53 - -68. What is the remainder when 86 is divided by s?
11
Suppose 0 = -h + 3*r + 9, -5*r - 15 - 40 = -5*h. Let m = 1 - -6. Calculate the remainder when h is divided by m.
5
Let t(r) = r**2 - 2*r + 5. Let x be 1*(-2 + (1 - -5)). Let i be t(x). Suppose i + 75 = 4*p. Calculate the remainder when p is divided by 8.
6
Suppose -3*u = -w + 13, 2*w + 2*u = -8 + 34. Calculate the remainder when 48 is divided by w.
9
Let m(k) = -33*k - 9. Let a(l) = -49*l - 13. Let t(r) = -5*a(r) + 7*m(r). Let q be t(-5). Let b = q - -118. What is the remainder when b is divided by 17?
16
Let o(d) = 2*d**2 + 17*d - 16. Calculate the remainder when o(-12) is divided by 7.
5
Let a(y) = y**2 - 4*y + 6. Let l be a(4). Let d(w) = w**2 - 6*w + 2. Let g be d(l). Suppose 23 = -n + g*n. What is the remainder when n is divided by 8?
7
Let s = -122 + 197. What is the remainder when s is divided by 39?
36
Let r = 22 - 19. Let i = r + 10. Calculate the remainder when 36 is divided by i.
10
What is the remainder when 9 is divided by (-33)/(-9) + (-4)/6?
0
Let b = -12 - -49. Let n(j) = 3*j + 4. What is the remainder when b is divided by n(3)?
11
Suppose -2*x - 10 = -5*h, -20 - 8 = -4*x - 2*h. Suppose -3*z = x*j - j - 96, -2*z = -3*j - 47. Calculate the remainder when z is divided by 10.
8
Let m = -27 + 58. Let l = -17 + m. Calculate the remainder when l is divided by 5.
4
Suppose 2*t - 24 - 8 = 2*l, -l + 110 = 5*t. What is the remainder when t is divided by (-2)/5 + (-57)/(-5)?
10
Suppose 0 = 3*r + 4 - 1, -4*r = 2*m - 16. Suppose -3*a + 2*n = -13, 2*n = -2*a - 3*a + 11. Calculate the remainder when m is divided by a.
1
Suppose -114 = 4*h + 5*u, -4*h + 46 = 3*u + 156. Let b = h 